actor of 392921970?
True
Does 4146 divide 207142452?
True
Is 223 a factor of 79254869?
True
Is 480 a factor of 24881760?
True
Is 688555056 a multiple of 2?
True
Is 74 a factor of 524153026?
True
Does 116 divide 119200776?
False
Is 2284678 a multiple of 5?
False
Does 6 divide 9843621?
False
Is 315 a factor of 414133020?
True
Is 12 a factor of 110665845?
False
Is 1531 a factor of 104117866?
False
Is 12356599 a multiple of 58?
False
Does 112 divide 497340368?
True
Is 45260460 a multiple of 60?
True
Does 165 divide 11016555?
True
Is 127629846 a multiple of 1893?
True
Is 72092580 a multiple of 68?
True
Is 30776183 a multiple of 141?
False
Is 167834518 a multiple of 510?
False
Is 202727469 a multiple of 21?
True
Is 140 a factor of 303310519?
False
Is 51426683 a multiple of 1309?
True
Is 75828206 a multiple of 1313?
False
Is 1087179920 a multiple of 23?
False
Is 36 a factor of 4390613758?
False
Does 469 divide 8103851?
True
Is 17 a factor of 69515020?
False
Is 1871 a factor of 10370813?
False
Is 2807 a factor of 23851079?
True
Does 164 divide 175377890?
False
Is 64 a factor of 870976448?
True
Is 968206824 a multiple of 351?
True
Does 68 divide 1098151312?
True
Is 3536486 a multiple of 22?
False
Is 439 a factor of 34771873?
True
Is 48 a factor of 25537632?
True
Is 11843207 a multiple of 1943?
False
Does 13 divide 397496018?
False
Does 18 divide 1283951717?
False
Does 20 divide 206365224?
False
Is 1191660662 a multiple of 6507?
False
Is 2805343145 a multiple of 11?
True
Is 95217486 a multiple of 78?
True
Does 15 divide 556620876?
False
Does 220 divide 738201200?
True
Is 12 a factor of 157116492?
True
Is 1277 a factor of 180894712?
True
Is 1362 a factor of 3245315034?
True
Is 20787088 a multiple of 7?
True
Is 1138131930 a multiple of 786?
True
Does 11203 divide 2330537684?
True
Is 451 a factor of 90326426?
False
Does 113 divide 20727477?
True
Is 300 a factor of 87292500?
True
Is 11 a factor of 3032333128?
True
Is 485771 a multiple of 18?
False
Is 1122316234 a multiple of 47?
False
Is 803 a factor of 28481607?
True
Is 207 a factor of 5800180?
False
Does 7 divide 16043859?
False
Is 134212161 a multiple of 681?
True
Is 2288488740 a multiple of 15?
True
Is 11 a factor of 26269947?
True
Is 30 a factor of 29045640?
True
Is 1776111792 a multiple of 21?
True
Is 2 a factor of 242169156?
True
Does 219 divide 14437575?
True
Is 492087960 a multiple of 2520?
True
Is 1582 a factor of 55892060?
True
Is 13 a factor of 100094407?
False
Is 213989085 a multiple of 228?
False
Does 625 divide 477810146?
False
Does 4263 divide 465839325?
True
Is 127517130 a multiple of 234?
True
Is 13 a factor of 50198564?
True
Is 29 a factor of 42071605?
True
Does 224 divide 127576835?
False
Is 149326254 a multiple of 194?
False
Is 12843734 a multiple of 589?
True
Is 532 a factor of 163363368?
True
Does 24 divide 104416136?
False
Is 1050 a factor of 1506383911?
False
Is 1890 a factor of 5843880?
True
Does 371 divide 25928182?
False
Is 417064129 a multiple of 6977?
True
Does 370 divide 13209000?
True
Is 129 a factor of 50165230?
False
Does 361 divide 13276352?
False
Does 18 divide 121015852?
False
Does 69 divide 735592647?
True
Is 1919 a factor of 726717339?
False
Does 454 divide 452182765?
False
Is 3338 a factor of 33683417?
False
Does 187 divide 194733011?
True
Is 42 a factor of 9188407?
False
Is 231514367 a multiple of 3388?
False
Is 15 a factor of 26287262?
False
Is 2654360732 a multiple of 5705?
False
Does 24 divide 246545400?
True
Is 78 a factor of 8560758?
False
Is 395 a factor of 215637610?
True
Does 157 divide 8736108?
True
Does 115 divide 775943640?
True
Is 98 a factor of 23354047?
False
Does 4227 divide 1023779400?
True
Does 3 divide 484708760?
False
Is 46494585 a multiple of 1565?
True
Is 1279 a factor of 62447609?
False
Does 395 divide 1305087?
False
Does 46 divide 346353182?
True
Is 937 a factor of 2640724666?
False
Does 98 divide 2816863196?
True
Does 24 divide 6656472?
True
Is 697 a factor of 5615729?
True
Does 370 divide 298315362?
False
Is 808666890 a multiple of 345?
True
Is 24 a factor of 36886872?
True
Is 6513171 a multiple of 579?
True
Is 24897901 a multiple of 64?
False
Does 1666 divide 396009353?
False
Does 224 divide 111637615?
False
Is 1130877 a multiple of 42?
False
Does 25 divide 3585572275?
True
Is 1983 a factor of 25948543?
False
Does 7113 divide 1018171221?
False
Is 20619657 a multiple of 736?
False
Is 82 a factor of 189639432?
True
Is 28 a factor of 28912321?
False
Does 95 divide 15089800?
True
Is 16 a factor of 2384384?
True
Is 3227425 a multiple of 20?
False
Is 121081824 a multiple of 12?
True
Is 25 a factor of 418634412?
False
Does 1343 divide 154064931?
True
Does 538 divide 53207662?
True
Does 384 divide 51456000?
True
Is 8 a factor of 4718648?
True
Is 392653168 a multiple of 16?
True
Is 47784612 a multiple of 1124?
True
Does 17 divide 39831100?
False
Is 184198316 a multiple of 62?
False
Is 1347 a factor of 1848042243?
True
Is 2426 a factor of 182258102?
True
Is 3999 a factor of 158688318?
True
Is 2354385 a multiple of 283?
False
Is 553078504 a multiple of 16?
False
Is 56639478 a multiple of 10?
False
Does 21 divide 49103747?
False
Is 1110 a factor of 762666570?
True
Is 11 a factor of 7355935?
False
Is 12 a factor of 1579631097?
False
Is 201 a factor of 59360751?
False
Is 775179400 a multiple of 1310?
True
Is 112557493 a multiple of 2495?
False
Does 269 divide 1167932902?
True
Is 1620 a factor of 105685560?
True
Is 37 a factor of 3788609?
False
Does 518 divide 25200542?
False
Is 2507 a factor of 283397157?
False
Is 68 a factor of 2597309?
False
Does 661 divide 166511271?
False
Does 3 divide 13409029?
False
Is 12 a factor of 4371144?
True
Is 2604 a factor of 72234742?
False
Is 25693932 a multiple of 12?
True
Does 42 divide 33415861?
False
Is 5 a factor of 16555750?
True
Is 92746955 a multiple of 231?
False
Is 93 a factor of 628924345?
False
Is 2968548 a multiple of 12?
True
Does 120 divide 1815915758?
False
Is 84115792 a multiple of 55?
False
Does 6 divide 586602?
True
Does 17 divide 891146698?
True
Does 32 divide 627270400?
True
Is 81 a factor of 32477193?
True
Is 2145691875 a multiple of 222?
False
Is 77444403 a multiple of 2229?
False
Is 23 a factor of 249441224?
False
Does 30 divide 156893767?
False
Does 23 divide 7422592?
False
Is 233 a factor of 5529090?
True
Is 332 a factor of 12262532?
False
Does 25 divide 23344925?
True
Is 8 a factor of 136582784?
True
Does 136 divide 18460690?
False
Is 2265134 a multiple of 565?
False
Is 238 a factor of 22498994?
False
Is 131 a factor of 60263?
False
Is 780536295 a multiple of 77?
True
Is 276 a factor of 426378822?
False
Does 23 divide 8912396?
False
Is 869 a factor of 1283650755?
False
Is 3316 a factor of 112019177?
False
Does 551 divide 29349015?
True
Is 15228928 a multiple of 143?
True
Is 960047709 a multiple of 110?
False
Does 66 divide 368973396?
True
Is 71630833 a multiple of 66?
False
Is 48 a factor of 27841632?
True
Is 1143 a factor of 2210562?
True
Does 879 divide 865815000?
True
Does 3651 divide 3813259753?
False
Does 63 divide 23281345?
False
Does 2568 divide 340067591?
False
Is 95073808 a multiple of 3?
False
Does 73 divide 1230821464?
True
Is 103999060 a multiple of 220?
True
Is 863 a factor of 94497369?
False
Does 11 divide 635833466?
False
Does 128 divide 54105088?
True
Is 642957942 a multiple of 726?
True
Does 25 divide 15850930?
False
Is 244227249 a multiple of 21?
True
Does 23 divide 843267?
False
Does 117 divide 5482162?
False
Does 2183 divide 296403374?
True
Is 77458220 a multiple of 1009?
False
Is 4678 a factor of 872694934?
True
Does 27 divide 2423826?
False
Is 168 a factor of 254528904?
True
Is 1418 a factor of 3547943768?
True
Is 4 a factor of 15257507?
False
Is 2425396512 a multiple of 931?
True
Is 254880342 a multiple of 12?
False
Does 35 divide 3152905?
True
Does 1929 divide 66675885?
True
Does 4180 divide 185964020?
True
Is 27866190 a multiple of 5?
True
Is 189761986 a multiple of 10?
False
Does 1089 divide 492145422?
False
Is 8444942 a multiple of 869?
True
Does 10 divide 438438?
False
Is 19 a factor of 918401370?
False
Does 20 divide 5738142840?
True
Is 44 a factor of 401337728?
True
Does 16 divide 172448448?
True
Is 178859712 a multiple of 3?
True
Is 688 a factor of 4653369872?
